visor of 53 and 4717.
53
Calculate the greatest common divisor of 20 and 215.
5
What is the greatest common divisor of 242 and 682?
22
What is the greatest common divisor of 589 and 186?
31
What is the greatest common divisor of 1617 and 132?
33
What is the highest common factor of 42 and 567?
21
What is the highest common factor of 196 and 35182?
98
Calculate the highest common divisor of 268 and 201.
67
Calculate the highest common factor of 5 and 20.
5
What is the highest common divisor of 3477 and 4209?
183
What is the greatest common factor of 20 and 125?
5
Calculate the greatest common factor of 90 and 80.
10
Calculate the greatest common divisor of 54 and 2673.
27
What is the greatest common factor of 330 and 40?
10
Calculate the highest common divisor of 5478 and 66.
66
What is the greatest common factor of 420 and 1596?
84
Calculate the greatest common divisor of 238 and 217.
7
What is the greatest common divisor of 824 and 64?
8
What is the greatest common factor of 154 and 10318?
154
Calculate the greatest common factor of 1110 and 60.
30
Calculate the highest common divisor of 79 and 2.
1
Calculate the highest common factor of 3103 and 214.
107
What is the highest common factor of 3444 and 72?
12
Calculate the greatest common divisor of 9 and 9.
9
Calculate the highest common factor of 24 and 600.
24
Calculate the highest common divisor of 2682 and 441.
9
Calculate the highest common divisor of 2193 and 1419.
129
Calculate the greatest common divisor of 12 and 116.
4
Calculate the greatest common factor of 210 and 63.
21
Calculate the highest common divisor of 8 and 58.
2
What is the greatest common factor of 15 and 8355?
15
What is the greatest common divisor of 5603 and 13?
13
Calculate the greatest common factor of 1537 and 116.
29
What is the highest common factor of 410 and 10?
10
What is the greatest common divisor of 377 and 1053?
13
What is the greatest common divisor of 9 and 144?
9
What is the highest common factor of 114 and 5662?
38
What is the greatest common divisor of 190 and 2?
2
What is the highest common divisor of 30 and 910?
10
Calculate the greatest common divisor of 747 and 3071.
83
What is the highest common divisor of 30 and 510?
30
Calculate the greatest common factor of 27 and 1638.
9
Calculate the greatest common factor of 376 and 9118.
94
What is the highest common divisor of 156 and 36?
12
What is the greatest common factor of 9 and 12?
3
Calculate the greatest common factor of 30 and 15.
15
Calculate the highest common divisor of 11 and 9.
1
Calculate the highest common divisor of 10 and 10.
10
What is the greatest common factor of 1786 and 19?
19
What is the greatest common divisor of 3239 and 41?
41
What is the greatest common divisor of 11 and 11649?
11
What is the highest common divisor of 357 and 595?
119
What is the highest common divisor of 810 and 360?
90
What is the highest common divisor of 1700 and 136?
68
What is the highest common factor of 112 and 7?
7
Calculate the greatest common divisor of 3179 and 11.
11
What is the greatest common factor of 104 and 936?
104
Calculate the highest common factor of 940 and 1940.
20
What is the greatest common factor of 7221 and 913?
83
What is the greatest common divisor of 236 and 59?
59
What is the highest common divisor of 6443 and 17?
17
What is the greatest common divisor of 10 and 13?
1
What is the highest common factor of 615 and 30?
15
Calculate the greatest common divisor of 497 and 923.
71
What is the greatest common divisor of 55 and 10?
5
Calculate the greatest common divisor of 15800 and 600.
200
What is the greatest common factor of 415 and 5?
5
Calculate the highest common divisor of 57 and 969.
57
What is the greatest common divisor of 364 and 104?
52
What is the highest common factor of 18 and 4851?
9
What is the greatest common factor of 2480 and 1085?
155
Calculate the highest common divisor of 70331 and 53.
53
What is the highest common factor of 880 and 10?
10
Calculate the highest common factor of 658 and 4888.
94
What is the highest common divisor of 6 and 102?
6
Calculate the highest common divisor of 688 and 12556.
172
Calculate the highest common factor of 84 and 960.
12
Calculate the highest common divisor of 8033 and 261.
29
Calculate the greatest common factor of 432 and 549.
9
Calculate the highest common factor of 16745 and 68.
17
What is the highest common factor of 290 and 6815?
145
Calculate the greatest common factor of 141 and 5687.
47
Calculate the greatest common factor of 10 and 245.
5
What is the highest common factor of 7640 and 191?
191
What is the highest common factor of 731 and 43?
43
Calculate the greatest common divisor of 42 and 861.
21
What is the highest common divisor of 261 and 9?
9
Calculate the greatest common factor of 6 and 21.
3
What is the highest common factor of 40 and 100?
20
What is the highest common divisor of 725 and 58?
29
What is the greatest common factor of 17 and 323?
17
What is the highest common factor of 989 and 92?
23
What is the greatest common factor of 572 and 1820?
52
What is the highest common divisor of 144 and 56?
8
Calculate the highest common divisor of 10 and 55.
5
What is the greatest common divisor of 42 and 182?
14
Calculate the greatest common divisor of 13892 and 92.
92
Calculate the greatest common divisor of 1311 and 912.
57
Calculate the greatest common divisor of 2800 and 875.
175
Calculate the greatest common divisor of 2608 and 16.
16
What is the greatest common divisor of 9 and 51?
3
Calculate the greatest common divisor of 297 and 132.
33
Calculate the greatest common factor of 59 and 2.
1
Calculate the greatest common divisor of 22701 and 42.
21
Calculate the greatest common factor of 18 and 5.
1
What is the highest common factor of 87 and 87?
87
Calculate the highest common divisor of 91 and 39.
13
What is the greatest common divisor of 14 and 888?
2
What is the highest common factor of 61778 and 92?
46
What is the greatest common divisor of 4272 and 72?
24
Calculate the highest common divisor of 117 and 780.
39
What is the highest common divisor of 6 and 54?
6
What is the highest common divisor of 270 and 990?
90
Calculate the highest common factor of 192 and 272.
16
Calculate the greatest common factor of 50 and 25.
25
Calculate the greatest common factor of 1245 and 6.
3
What is the greatest common factor of 742 and 265?
53
What is the greatest common factor of 100 and 50?
50
What is the greatest common divisor of 213 and 85413?
213
Calculate the greatest common factor of 1105 and 187.
17
Calculate the highest common divisor of 146 and 11826.
146
Calculate the highest common factor of 5111 and 38.
19
Calculate the greatest common factor of 153 and 102.
51
What is the highest common factor of 10 and 5170?
10
Calculate the highest common divisor of 186 and 651.
93
What is the highest common factor of 90 and 20?
10
What is the greatest common divisor of 3444 and 7?
7
Calculate the highest common factor of 396 and 30756.
132
What is the highest common factor of 80 and 432?
16
What is the highest common divisor of 320 and 140?
20
Calculate the highest common divisor of 124 and 16.
4
Calculate the greatest common factor of 2298 and 12.
6
What is the greatest common divisor of 175 and 200?
25
What is the greatest common divisor of 136 and 10?
2
What is the greatest common divisor of 14102 and 44?
22
What is the greatest common factor of 235 and 1363?
47
Calculate the highest common divisor of 45 and 645.
15
Calculate the highest common factor of 10290 and 30.
30
Calculate the greatest common factor of 5955 and 5.
5
What is the highest common divisor of 273 and 14?
7
Calculate the highest common factor of 232 and 8.
8
What is the highest common factor of 322 and 35?
7
What is the highest common factor of 32 and 3104?
32
Calculate the greatest common divisor of 240 and 528.
48
What is the greatest common factor of 150 and 250?
50
What is the highest common factor of 41 and 1312?
41
What is the highest common divisor of 45 and 1125?
45
Calculate the highest common divisor of 56541 and 141.
141
What is the highest common divisor of 9222 and 58?
58
What is the highest common factor of 15 and 6?
3
Calculate the highest common divisor of 1100 and 176.
44
What is